{"id":122,"date":"2010-12-29T16:53:37","date_gmt":"2010-12-29T15:53:37","guid":{"rendered":"http:\/\/www.vancouver-nights.de\/?page_id=122"},"modified":"2020-04-20T15:20:35","modified_gmt":"2020-04-20T15:20:35","slug":"sebastian","status":"publish","type":"page","link":"http:\/\/www.vancouver-nights.de\/vcn-gala\/?page_id=122","title":{"rendered":"Sebastian (Gitarre)"},"content":{"rendered":"\n\n\n<div class=\"ngg-galleryoverview ngg-slideshow\"\n\t id=\"ngg-slideshow-e54336bc8e195eb14e2cf319b3838f1c-20922914290\"\n     data-gallery-id=\"e54336bc8e195eb14e2cf319b3838f1c\"\n     style=\"max-width: 700px; max-height: 500px;\">\n\n \t<div id=\"ngg-image-0\" class=\"ngg-gallery-slideshow-image\" style=\"height:500px\">\n\n        <a href=\"http:\/\/www.vancouver-nights.de\/vcn-gala\/wp-content\/gallery\/rotation-sebi\/Sebi-2020.JPG\"\n           title=\"\"\n           data-src=\"http:\/\/www.vancouver-nights.de\/vcn-gala\/wp-content\/gallery\/rotation-sebi\/Sebi-2020.JPG\"\n           data-thumbnail=\"http:\/\/www.vancouver-nights.de\/vcn-gala\/wp-content\/gallery\/rotation-sebi\/thumbs\/thumbs_Sebi-2020.JPG\"\n           data-image-id=\"425\"\n           data-title=\"Sebi-2020\"\n           data-description=\"\"\n           class=\"shutterset_e54336bc8e195eb14e2cf319b3838f1c\">\n\n            <img data-image-id='425'\n                 title=\"\"\n                 alt=\"Sebi-2020\"\n                 src=\"http:\/\/www.vancouver-nights.de\/vcn-gala\/wp-content\/gallery\/rotation-sebi\/Sebi-2020.JPG\"\n                 style=\"max-height: 480px;\"\/>\n        <\/a>\n\n        <\/div> \n<div id=\"ngg-image-1\" class=\"ngg-gallery-slideshow-image\" style=\"height:500px\">\n\n        <a href=\"http:\/\/www.vancouver-nights.de\/vcn-gala\/wp-content\/gallery\/rotation-sebi\/Web-Sebi3.JPG\"\n           title=\"\"\n           data-src=\"http:\/\/www.vancouver-nights.de\/vcn-gala\/wp-content\/gallery\/rotation-sebi\/Web-Sebi3.JPG\"\n           data-thumbnail=\"http:\/\/www.vancouver-nights.de\/vcn-gala\/wp-content\/gallery\/rotation-sebi\/thumbs\/thumbs_Web-Sebi3.JPG\"\n           data-image-id=\"426\"\n           data-title=\"Web-Sebi3\"\n           data-description=\"\"\n           class=\"shutterset_e54336bc8e195eb14e2cf319b3838f1c\">\n\n            <img data-image-id='426'\n                 title=\"\"\n                 alt=\"Web-Sebi3\"\n                 src=\"http:\/\/www.vancouver-nights.de\/vcn-gala\/wp-content\/gallery\/rotation-sebi\/Web-Sebi3.JPG\"\n                 style=\"max-height: 480px;\"\/>\n        <\/a>\n\n        <\/div> \n<\/div>\n\n\n\n\n\n\n\n<p>Sebastian ist unser gitarrespielender S\u00e4nger und dar\u00fcberhinaus zust\u00e4ndig f\u00fcr die Programmgestaltung und sonstigem Entertainment. Zusammen mit Carmen f\u00fchrt er durch die Veranstaltung.<\/p>\n\n\n\n<p>Langj\u00e4hrige B\u00fchnenerfahrung konnte er u.a.&nbsp;7 Jahre bei der Rock-Pop-Coverband &#8222;Katzoff&#8220; und bei seinen Auslandsaufritten in USA, Kanada, \u00d6sterreich und der Tschechischen Republik sammeln.<\/p>\n\n\n\n<p>Dar\u00fcberhinaus war er es, der die Band vor Jahren aufgrund eines spontanen Auftritts in einer d\u00fcsteren Kellerbar im kanadischen Vancouver gegr\u00fcndet hat.<\/p>\n","protected":false},"excerpt":{"rendered":"<p>Sebastian ist unser gitarrespielender S\u00e4nger und dar\u00fcberhinaus zust\u00e4ndig f\u00fcr die Programmgestaltung und sonstigem Entertainment. Zusammen mit Carmen f\u00fchrt er durch die Veranstaltung. Langj\u00e4hrige B\u00fchnenerfahrung konnte er u.a.&nbsp;7 Jahre bei der Rock-Pop-Coverband &#8222;Katzoff&#8220; und bei seinen Auslandsaufritten in USA, Kanada, \u00d6sterreich und der Tschechischen Republik sammeln. Dar\u00fcberhinaus war er es, der die Band vor Jahren aufgrund &hellip; <\/p>\n<p><a class=\"more-link btn\" href=\"http:\/\/www.vancouver-nights.de\/vcn-gala\/?page_id=122\">Weiterlesen<\/a><\/p>\n","protected":false},"author":1,"featured_media":0,"parent":7,"menu_order":2,"comment_status":"closed","ping_status":"closed","template":"","meta":{"ngg_post_thumbnail":0},"_links":{"self":[{"href":"http:\/\/www.vancouver-nights.de\/vcn-gala\/index.php?rest_route=\/wp\/v2\/pages\/122"}],"collection":[{"href":"http:\/\/www.vancouver-nights.de\/vcn-gala\/index.php?rest_route=\/wp\/v2\/pages"}],"about":[{"href":"http:\/\/www.vancouver-nights.de\/vcn-gala\/index.php?rest_route=\/wp\/v2\/types\/page"}],"author":[{"embeddable":true,"href":"http:\/\/www.vancouver-nights.de\/vcn-gala\/index.php?rest_route=\/wp\/v2\/users\/1"}],"replies":[{"embeddable":true,"href":"http:\/\/www.vancouver-nights.de\/vcn-gala\/index.php?rest_route=%2Fwp%2Fv2%2Fcomments&post=122"}],"version-history":[{"count":9,"href":"http:\/\/www.vancouver-nights.de\/vcn-gala\/index.php?rest_route=\/wp\/v2\/pages\/122\/revisions"}],"predecessor-version":[{"id":1112,"href":"http:\/\/www.vancouver-nights.de\/vcn-gala\/index.php?rest_route=\/wp\/v2\/pages\/122\/revisions\/1112"}],"up":[{"embeddable":true,"href":"http:\/\/www.vancouver-nights.de\/vcn-gala\/index.php?rest_route=\/wp\/v2\/pages\/7"}],"wp:attachment":[{"href":"http:\/\/www.vancouver-nights.de\/vcn-gala\/index.php?rest_route=%2Fwp%2Fv2%2Fmedia&parent=122"}],"curies":[{"name":"wp","href":"https:\/\/api.w.org\/{rel}","templated":true}]}}

<div class="ngg-galleryoverview ngg-slideshow"
	 id="ngg-slideshow-e54336bc8e195eb14e2cf319b3838f1c-20922914290"
     data-gallery-id="e54336bc8e195eb14e2cf319b3838f1c"
     style="max-width: 700px; max-height: 500px;">

 	<div id="ngg-image-0" class="ngg-gallery-slideshow-image" style="height:500px">

        <a href="http://www.vancouver-nights.de/vcn-gala/wp-content/gallery/rotation-sebi/Sebi-2020.JPG"
           title=""
           data-src="http://www.vancouver-nights.de/vcn-gala/wp-content/gallery/rotation-sebi/Sebi-2020.JPG"
           data-thumbnail="http://www.vancouver-nights.de/vcn-gala/wp-content/gallery/rotation-sebi/thumbs/thumbs_Sebi-2020.JPG"
           data-image-id="425"
           data-title="Sebi-2020"
           data-description=""
           class="shutterset_e54336bc8e195eb14e2cf319b3838f1c">

            <img data-image-id='425'
                 title=""
                 alt="Sebi-2020"
                 src="http://www.vancouver-nights.de/vcn-gala/wp-content/gallery/rotation-sebi/Sebi-2020.JPG"
                 style="max-height: 480px;"/>
        </a>

        </div> 
<div id="ngg-image-1" class="ngg-gallery-slideshow-image" style="height:500px">

        <a href="http://www.vancouver-nights.de/vcn-gala/wp-content/gallery/rotation-sebi/Web-Sebi3.JPG"
           title=""
           data-src="http://www.vancouver-nights.de/vcn-gala/wp-content/gallery/rotation-sebi/Web-Sebi3.JPG"
           data-thumbnail="http://www.vancouver-nights.de/vcn-gala/wp-content/gallery/rotation-sebi/thumbs/thumbs_Web-Sebi3.JPG"
           data-image-id="426"
           data-title="Web-Sebi3"
           data-description=""
           class="shutterset_e54336bc8e195eb14e2cf319b3838f1c">

            <img data-image-id='426'
                 title=""
                 alt="Web-Sebi3"
                 src="http://www.vancouver-nights.de/vcn-gala/wp-content/gallery/rotation-sebi/Web-Sebi3.JPG"
                 style="max-height: 480px;"/>
        </a>

        </div> 
</div>







<p>Sebastian ist unser gitarrespielender Sänger und darüberhinaus zuständig für die Programmgestaltung und sonstigem Entertainment. Zusammen mit Carmen führt er durch die Veranstaltung.</p>



<p>Langjährige Bühnenerfahrung konnte er u.a.&nbsp;7 Jahre bei der Rock-Pop-Coverband &#8222;Katzoff&#8220; und bei seinen Auslandsaufritten in USA, Kanada, Österreich und der Tschechischen Republik sammeln.</p>



<p>Darüberhinaus war er es, der die Band vor Jahren aufgrund eines spontanen Auftritts in einer düsteren Kellerbar im kanadischen Vancouver gegründet hat.</p>

<p>Sebastian ist unser gitarrespielender Sänger und darüberhinaus zuständig für die Programmgestaltung und sonstigem Entertainment. Zusammen mit Carmen führt er durch die Veranstaltung. Langjährige Bühnenerfahrung konnte er u.a.&nbsp;7 Jahre bei der Rock-Pop-Coverband &#8222;Katzoff&#8220; und bei seinen Auslandsaufritten in USA, Kanada, Österreich und der Tschechischen Republik sammeln. Darüberhinaus war er es, der die Band vor Jahren aufgrund &hellip; </p>
<p><a class="more-link btn" href="http://www.vancouver-nights.de/vcn-gala/?page_id=122">Weiterlesen</a></p>
