{"id":127,"date":"2010-12-29T16:54:19","date_gmt":"2010-12-29T15:54:19","guid":{"rendered":"http:\/\/www.vancouver-nights.de\/?page_id=127"},"modified":"2020-04-20T13:42:32","modified_gmt":"2020-04-20T13:42:32","slug":"carmen-2","status":"publish","type":"page","link":"http:\/\/www.vancouver-nights.de\/vcn-gala\/?page_id=127","title":{"rendered":"Carmen (Gesang)"},"content":{"rendered":"\n<figure class=\"wp-block-image size-large\"><img loading=\"lazy\" width=\"1024\" height=\"829\" src=\"http:\/\/www.vancouver-nights.de\/vcn-gala\/wp-content\/uploads\/2020\/04\/Carmen-2020-1024x829.jpg\" alt=\"\" class=\"wp-image-1064\" srcset=\"http:\/\/www.vancouver-nights.de\/vcn-gala\/wp-content\/uploads\/2020\/04\/Carmen-2020-1024x829.jpg 1024w, http:\/\/www.vancouver-nights.de\/vcn-gala\/wp-content\/uploads\/2020\/04\/Carmen-2020-300x243.jpg 300w, http:\/\/www.vancouver-nights.de\/vcn-gala\/wp-content\/uploads\/2020\/04\/Carmen-2020-768x622.jpg 768w, http:\/\/www.vancouver-nights.de\/vcn-gala\/wp-content\/uploads\/2020\/04\/Carmen-2020.jpg 1080w\" sizes=\"(max-width: 1024px) 100vw, 1024px\" \/><\/figure>\n\n\n\n<p>Unsere Carmen verdreht mit ihrem Gesang M\u00e4nnern wie Frauen gleichermassen den Kopf. Sie sorgt Centerstage f\u00fcr Stimmung und verleiht mit ihrer einmaligen Stimme der Band eine ganz besondere Note.<\/p>\n\n\n\n<p>Sie hat zusammen mit ihren Bandkollegen \u00fcber 5 Jahre in der Rock-Pop-Coverband \u201eKatzoff\u201c bayerische und \u00f6sterreichische B\u00fchnen bespielt und ist dar\u00fcberhinaus mit der Partyband &#8222;<a rel=\"noreferrer noopener\" href=\"http:\/\/www.inferno-live.de\/\" target=\"_blank\">Inferno<\/a>&#8220;&nbsp;regelm\u00e4ssig in ganz Bayern unterwegs. Dar\u00fcber konnte Sie auch schon die Oktoberfestb\u00fchnen in Brasilien rocken.<\/p>\n","protected":false},"excerpt":{"rendered":"<p>Unsere Carmen verdreht mit ihrem Gesang M\u00e4nnern wie Frauen gleichermassen den Kopf. Sie sorgt Centerstage f\u00fcr Stimmung und verleiht mit ihrer einmaligen Stimme der Band eine ganz besondere Note. Sie hat zusammen mit ihren Bandkollegen \u00fcber 5 Jahre in der Rock-Pop-Coverband \u201eKatzoff\u201c bayerische und \u00f6sterreichische B\u00fchnen bespielt und ist dar\u00fcberhinaus mit der Partyband &#8222;Inferno&#8220;&nbsp;regelm\u00e4ssig in &hellip; <\/p>\n<p><a class=\"more-link btn\" href=\"http:\/\/www.vancouver-nights.de\/vcn-gala\/?page_id=127\">Weiterlesen<\/a><\/p>\n","protected":false},"author":1,"featured_media":0,"parent":7,"menu_order":1,"comment_status":"closed","ping_status":"closed","template":"","meta":{"ngg_post_thumbnail":0},"_links":{"self":[{"href":"http:\/\/www.vancouver-nights.de\/vcn-gala\/index.php?rest_route=\/wp\/v2\/pages\/127"}],"collection":[{"href":"http:\/\/www.vancouver-nights.de\/vcn-gala\/index.php?rest_route=\/wp\/v2\/pages"}],"about":[{"href":"http:\/\/www.vancouver-nights.de\/vcn-gala\/index.php?rest_route=\/wp\/v2\/types\/page"}],"author":[{"embeddable":true,"href":"http:\/\/www.vancouver-nights.de\/vcn-gala\/index.php?rest_route=\/wp\/v2\/users\/1"}],"replies":[{"embeddable":true,"href":"http:\/\/www.vancouver-nights.de\/vcn-gala\/index.php?rest_route=%2Fwp%2Fv2%2Fcomments&post=127"}],"version-history":[{"count":11,"href":"http:\/\/www.vancouver-nights.de\/vcn-gala\/index.php?rest_route=\/wp\/v2\/pages\/127\/revisions"}],"predecessor-version":[{"id":1066,"href":"http:\/\/www.vancouver-nights.de\/vcn-gala\/index.php?rest_route=\/wp\/v2\/pages\/127\/revisions\/1066"}],"up":[{"embeddable":true,"href":"http:\/\/www.vancouver-nights.de\/vcn-gala\/index.php?rest_route=\/wp\/v2\/pages\/7"}],"wp:attachment":[{"href":"http:\/\/www.vancouver-nights.de\/vcn-gala\/index.php?rest_route=%2Fwp%2Fv2%2Fmedia&parent=127"}],"curies":[{"name":"wp","href":"https:\/\/api.w.org\/{rel}","templated":true}]}}

<figure class="wp-block-image size-large"><img loading="lazy" width="1024" height="829" src="http://www.vancouver-nights.de/vcn-gala/wp-content/uploads/2020/04/Carmen-2020-1024x829.jpg" alt="" class="wp-image-1064" srcset="http://www.vancouver-nights.de/vcn-gala/wp-content/uploads/2020/04/Carmen-2020-1024x829.jpg 1024w, http://www.vancouver-nights.de/vcn-gala/wp-content/uploads/2020/04/Carmen-2020-300x243.jpg 300w, http://www.vancouver-nights.de/vcn-gala/wp-content/uploads/2020/04/Carmen-2020-768x622.jpg 768w, http://www.vancouver-nights.de/vcn-gala/wp-content/uploads/2020/04/Carmen-2020.jpg 1080w" sizes="(max-width: 1024px) 100vw, 1024px" /></figure>



<p>Unsere Carmen verdreht mit ihrem Gesang Männern wie Frauen gleichermassen den Kopf. Sie sorgt Centerstage für Stimmung und verleiht mit ihrer einmaligen Stimme der Band eine ganz besondere Note.</p>



<p>Sie hat zusammen mit ihren Bandkollegen über 5 Jahre in der Rock-Pop-Coverband „Katzoff“ bayerische und österreichische Bühnen bespielt und ist darüberhinaus mit der Partyband &#8222;<a rel="noreferrer noopener" href="http://www.inferno-live.de/" target="_blank">Inferno</a>&#8220;&nbsp;regelmässig in ganz Bayern unterwegs. Darüber konnte Sie auch schon die Oktoberfestbühnen in Brasilien rocken.</p>

<p>Unsere Carmen verdreht mit ihrem Gesang Männern wie Frauen gleichermassen den Kopf. Sie sorgt Centerstage für Stimmung und verleiht mit ihrer einmaligen Stimme der Band eine ganz besondere Note. Sie hat zusammen mit ihren Bandkollegen über 5 Jahre in der Rock-Pop-Coverband „Katzoff“ bayerische und österreichische Bühnen bespielt und ist darüberhinaus mit der Partyband &#8222;Inferno&#8220;&nbsp;regelmässig in &hellip; </p>
<p><a class="more-link btn" href="http://www.vancouver-nights.de/vcn-gala/?page_id=127">Weiterlesen</a></p>
